{"id":1192,"date":"2020-04-17T14:52:27","date_gmt":"2020-04-17T12:52:27","guid":{"rendered":"https:\/\/glutenfreemachines.com\/?page_id=1192"},"modified":"2020-04-17T14:52:27","modified_gmt":"2020-04-17T12:52:27","slug":"sponge-cake","status":"publish","type":"page","link":"https:\/\/glutenfreemachines.com\/?page_id=1192","title":{"rendered":"SPONGE CAKE"},"content":{"rendered":"<div class=\"wpb-content-wrapper\"><p>[vc_row swatch=\\&#8221;swatch-blue-white\\&#8221; height=\\&#8221;nopadding\\&#8221; background_image=\\&#8221;970\\&#8221; background_image_attachment=\\&#8221;fixed\\&#8221;][vc_column width=\\&#8221;1\/1\\&#8221;][vc_empty_space height=\\&#8221;92px\\&#8221;][heading header_size=\\&#8221;hyper\\&#8221; header_weight=\\&#8221;bold\\&#8221; header_underline=\\&#8221;no-bordered-header\\&#8221;]PRODUITS[\/heading][vc_empty_space height=\\&#8221;92px\\&#8221;][vc_empty_space][\/vc_column][\/vc_row][vc_row height=\\&#8221;nopadding\\&#8221;][vc_column width=\\&#8221;1\/1\\&#8221;][vc_empty_space height=\\&#8221;64px\\&#8221;][vc_empty_space][heading header_weight=\\&#8221;bold\\&#8221;]GATEAU EPONGE[\/heading][\/vc_column][\/vc_row][vc_row swatch=\\&#8221;swatch-white-blue\\&#8221;][vc_column width=\\&#8221;1\/1\\&#8221;][vc_single_image images=\\&#8221;597\\&#8221; size=\\&#8221;full\\&#8221; align=\\&#8221;center\\&#8221;][vc_column_text]<\/p>\n<div class=\\\"flex max-w-full flex-col flex-grow\\\">\n<div class=\\\"min-h-[20px] text-message flex w-full flex-col items-end gap-2 whitespace-pre-wrap break-words [.text-message+&amp;]:mt-5 overflow-x-auto\\\" dir=\\\"auto\\\" data-message-author-role=\\\"assistant\\\" data-message-id=\\\"ef174874-47c6-47e2-9a00-258c800ac089\\\">\n<div class=\\\"flex w-full flex-col gap-1 empty:hidden first:pt-[3px]\\\">\n<div class=\\\"markdown prose w-full break-words dark:prose-invert light\\\">\n<p><span style=\\\"font-size: 20px;\\\">VN FOODAERATION propose des <strong data-start=\\\"212\\\" data-end=\\\"266\\\">\u00e9quipements de p\u00e2tisserie et boulangerie de pointe<\/strong>, con\u00e7us pour optimiser la production de g\u00e2teaux et maximiser l\u2019efficacit\u00e9. Nos solutions s\u2019adressent aux <strong data-start=\\\"372\\\" data-end=\\\"402\\\">boulangeries industrielles<\/strong> souhaitant accro\u00eetre leur productivit\u00e9, assurer une qualit\u00e9 constante et garantir une pr\u00e9cision optimale \u00e0 chaque \u00e9tape du processus.<\/span><\/p>\n<p><span style=\\\"font-size: 20px;\\\">Nos Solutions Cl\u00e9s:<\/span><\/p>\n<ul>\n<li><span style=\\\"font-size: 20px;\\\"><strong>M\u00e9langeurs Plan\u00e9taires &amp; A\u00e9rateurs (VN02):<\/strong> Des syst\u00e8mes haute performance qui garantissent une pr\u00e9paration de p\u00e2te impeccable, avec la <strong data-start=\\\"710\\\" data-end=\\\"747\\\">texture et la consistance id\u00e9ales<\/strong> pour une large vari\u00e9t\u00e9 de g\u00e2teaux. <a href=\\\"https:\/\/glutenfreemachines.com\/aerators\/\\\">https:\/\/glutenfreemachines.com\/aerators\/<\/a><\/span><\/li>\n<li><span style=\\\"font-size: 20px;\\\"><strong>Syst\u00e8mes de Pompage (VN14 \/ VN15):<\/strong> Con\u00e7us pour <strong data-start=\\\"902\\\" data-end=\\\"939\\\">transf\u00e9rer efficacement les p\u00e2tes<\/strong> vers les tr\u00e9mies, d\u00e9poser sur plaques ou remplir directement les moules. Ces pompes assurent <strong data-start=\\\"1033\\\" data-end=\\\"1067\\\">rapidit\u00e9, pr\u00e9cision et hygi\u00e8ne<\/strong> dans les productions \u00e0 grand volume.<\/span><span style=\\\"font-size: 20px;\\\"> <a href=\\\"https:\/\/glutenfreemachines.com\/transfer-pumps\/\\\">https:\/\/glutenfreemachines.com\/transfer-pumps\/<\/a><\/span><\/li>\n<li><span style=\\\"font-size: 20px;\\\"><strong>Syst\u00e8mes de D\u00e9pose &amp; Finition (Accessoires VN20):<\/strong> Des outils de haute pr\u00e9cision pour la <strong data-start=\\\"1290\\\" data-end=\\\"1321\\\">production de g\u00e2teaux ronds<\/strong>, permettant l\u2019application automatis\u00e9e de garnitures, le gla\u00e7age et les d\u00e9corations d\u00e9taill\u00e9es \u2014 avec des r\u00e9sultats toujours <strong data-start=\\\"1446\\\" data-end=\\\"1472\\\">constants et r\u00e9guliers<\/strong>. <a href=\\\"https:\/\/glutenfreemachines.com\/attachments\/\\\">https:\/\/glutenfreemachines.com\/attachments\/<\/a><\/span><\/li>\n<\/ul>\n<p><span style=\\\"font-size: 18px;\\\"><span style=\\\"font-size: 20px;\\\"><strong>Pourquoi Choisir VN FOODAERATION ?<\/strong><\/span><\/span><\/p>\n<p><span style=\\\"font-size: 20px;\\\">Que vous souhaitiez <strong data-start=\\\"1607\\\" data-end=\\\"1638\\\">automatiser une seule \u00e9tape<\/strong> ou <strong data-start=\\\"1642\\\" data-end=\\\"1694\\\">mettre en place une ligne de production compl\u00e8te<\/strong>, notre \u00e9quipe propose des <strong data-start=\\\"1721\\\" data-end=\\\"1749\\\">solutions personnalis\u00e9es<\/strong> adapt\u00e9es \u00e0 vos objectifs de production.<\/span><\/p>\n<p><span style=\\\"font-size: 20px;\\\">???? <strong data-start=\\\"1796\\\" data-end=\\\"1830\\\">Contactez-nous d\u00e8s aujourd\u2019hui<\/strong> pour discuter de la mani\u00e8re dont nous pouvons vous aider \u00e0 optimiser votre efficacit\u00e9 et \u00e0 d\u00e9velopper l\u2019automatisation de votre boulangerie.<\/span><\/p>\n<\/div>\n<\/div>\n<\/div>\n<\/div>\n<p>[\/vc_column_text][\/vc_column][\/vc_row][vc_row][vc_column width=\\&#8221;1\/1\\&#8221;][heading]SPONGE CAKE production[\/heading][vc_row_inner][vc_column_inner width=\\&#8221;1\/2\\&#8221;][vc_video link=\\&#8221;https:\/\/youtu.be\/rArRLdpOtFQ\\&#8221;][\/vc_column_inner][vc_column_inner width=\\&#8221;1\/2\\&#8221;][vc_video link=\\&#8221;https:\/\/youtu.be\/FSL_NLhECoI\\&#8221;][\/vc_column_inner][\/vc_row_inner][\/vc_column][\/vc_row]<\/p>\n<\/div>","protected":false},"excerpt":{"rendered":"<p>[vc_row swatch=\\&#8221;swatch-blue-white\\&#8221; height=\\&#8221;nopadding\\&#8221; background_image=\\&#8221;970\\&#8221; background_image_attachment=\\&#8221;fixed\\&#8221;][vc_column width=\\&#8221;1\/1\\&#8221;][vc_empty_space height=\\&#8221;92px\\&#8221;][heading header_size=\\&#8221;hyper\\&#8221; header_weight=\\&#8221;bold\\&#8221; header_underline=\\&#8221;no-bordered-header\\&#8221;]PRODUITS[\/heading][vc_empty_space height=\\&#8221;92px\\&#8221;][vc_empty_space][\/vc_column][\/vc_row][vc_row height=\\&#8221;nopadding\\&#8221;][vc_column width=\\&#8221;1\/1\\&#8221;][vc_empty_space height=\\&#8221;64px\\&#8221;][vc_empty_space][heading header_weight=\\&#8221;bold\\&#8221;]GATEAU EPONGE[\/heading][\/vc_column][\/vc_row][vc_row swatch=\\&#8221;swatch-white-blue\\&#8221;][vc_column width=\\&#8221;1\/1\\&#8221;][vc_single_image images=\\&#8221;597\\&#8221; size=\\&#8221;full\\&#8221; [&hellip;]<\/p>\n","protected":false},"author":1,"featured_media":0,"parent":0,"menu_order":0,"comment_status":"closed","ping_status":"closed","template":"","meta":{"site-sidebar-layout":"no-sidebar","site-content-layout":"plain-container","ast-site-content-layout":"default","site-content-style":"default","site-sidebar-style":"default","ast-global-header-display":"","ast-banner-title-visibility":"","ast-main-header-display":"","ast-hfb-above-header-display":"","ast-hfb-below-header-display":"","ast-hfb-mobile-header-display":"","site-post-title":"disabled","ast-breadcrumbs-content":"","ast-featured-img":"disabled","footer-sml-layout":"","theme-transparent-header-meta":"","adv-header-id-meta":"","stick-header-meta":"","header-above-stick-meta":"","header-main-stick-meta":"","header-below-stick-meta":"","astra-migrate-meta-layouts":"default","ast-page-background-enabled":"default","ast-page-background-meta":{"desktop":{"background-color":"var(--ast-global-color-5)","background-image":"","background-repeat":"repeat","background-position":"center center","background-size":"auto","background-attachment":"scroll","background-type":"","background-media":"","overlay-type":"","overlay-color":"","overlay-opacity":"","overlay-gradient":""},"tablet":{"background-color":"","background-image":"","background-repeat":"repeat","background-position":"center center","background-size":"auto","background-attachment":"scroll","background-type":"","background-media":"","overlay-type":"","overlay-color":"","overlay-opacity":"","overlay-gradient":""},"mobile":{"background-color":"","background-image":"","background-repeat":"repeat","background-position":"center center","background-size":"auto","background-attachment":"scroll","background-type":"","background-media":"","overlay-type":"","overlay-color":"","overlay-opacity":"","overlay-gradient":""}},"ast-content-background-meta":{"desktop":{"background-color":"var(--ast-global-color-4)","background-image":"","background-repeat":"repeat","background-position":"center center","background-size":"auto","background-attachment":"scroll","background-type":"","background-media":"","overlay-type":"","overlay-color":"","overlay-opacity":"","overlay-gradient":""},"tablet":{"background-color":"var(--ast-global-color-4)","background-image":"","background-repeat":"repeat","background-position":"center center","background-size":"auto","background-attachment":"scroll","background-type":"","background-media":"","overlay-type":"","overlay-color":"","overlay-opacity":"","overlay-gradient":""},"mobile":{"background-color":"var(--ast-global-color-4)","background-image":"","background-repeat":"repeat","background-position":"center center","background-size":"auto","background-attachment":"scroll","background-type":"","background-media":"","overlay-type":"","overlay-color":"","overlay-opacity":"","overlay-gradient":""}},"footnotes":""},"class_list":["post-1192","page","type-page","status-publish","hentry"],"_links":{"self":[{"href":"https:\/\/glutenfreemachines.com\/index.php?rest_route=\/wp\/v2\/pages\/1192","targetHints":{"allow":["GET"]}}],"collection":[{"href":"https:\/\/glutenfreemachines.com\/index.php?rest_route=\/wp\/v2\/pages"}],"about":[{"href":"https:\/\/glutenfreemachines.com\/index.php?rest_route=\/wp\/v2\/types\/page"}],"author":[{"embeddable":true,"href":"https:\/\/glutenfreemachines.com\/index.php?rest_route=\/wp\/v2\/users\/1"}],"replies":[{"embeddable":true,"href":"https:\/\/glutenfreemachines.com\/index.php?rest_route=%2Fwp%2Fv2%2Fcomments&post=1192"}],"version-history":[{"count":0,"href":"https:\/\/glutenfreemachines.com\/index.php?rest_route=\/wp\/v2\/pages\/1192\/revisions"}],"wp:attachment":[{"href":"https:\/\/glutenfreemachines.com\/index.php?rest_route=%2Fwp%2Fv2%2Fmedia&parent=1192"}],"curies":[{"name":"wp","href":"https:\/\/api.w.org\/{rel}","templated":true}]}}