{"id":3865,"date":"2020-04-17T14:52:27","date_gmt":"2020-04-17T12:52:27","guid":{"rendered":"https:\/\/glutenfreemachines.com\/?page_id=3865"},"modified":"2020-04-17T14:52:27","modified_gmt":"2020-04-17T12:52:27","slug":"bizcocho-genoves","status":"publish","type":"page","link":"https:\/\/glutenfreemachines.com\/?page_id=3865","title":{"rendered":"BIZCOCHO GENOVES"},"content":{"rendered":"<div class=\"wpb-content-wrapper\"><p>[vc_row swatch=\\&#8221;swatch-blue-white\\&#8221; height=\\&#8221;nopadding\\&#8221; background_image=\\&#8221;970\\&#8221; background_image_attachment=\\&#8221;fixed\\&#8221;][vc_column width=\\&#8221;1\/1\\&#8221;][vc_empty_space height=\\&#8221;92px\\&#8221;][heading header_size=\\&#8221;hyper\\&#8221; header_weight=\\&#8221;bold\\&#8221; header_underline=\\&#8221;no-bordered-header\\&#8221;]PRODUCTOS[\/heading][vc_empty_space height=\\&#8221;92px\\&#8221;][vc_empty_space][\/vc_column][\/vc_row][vc_row height=\\&#8221;nopadding\\&#8221;][vc_column width=\\&#8221;1\/1\\&#8221;][vc_empty_space height=\\&#8221;64px\\&#8221;][vc_empty_space][heading header_weight=\\&#8221;bold\\&#8221;]BIZCOCHO[\/heading][\/vc_column][\/vc_row][vc_row swatch=\\&#8221;swatch-white-blue\\&#8221;][vc_column width=\\&#8221;1\/1\\&#8221;][vc_single_image images=\\&#8221;597\\&#8221; size=\\&#8221;full\\&#8221; align=\\&#8221;center\\&#8221;][vc_column_text]<\/p>\n<div class=\\\"flex max-w-full flex-col flex-grow\\\">\n<div class=\\\"min-h-[20px] text-message flex w-full flex-col items-end gap-2 whitespace-pre-wrap break-words [.text-message+&amp;]:mt-5 overflow-x-auto\\\" dir=\\\"auto\\\" data-message-author-role=\\\"assistant\\\" data-message-id=\\\"ef174874-47c6-47e2-9a00-258c800ac089\\\">\n<div class=\\\"flex w-full flex-col gap-1 empty:hidden first:pt-[3px]\\\">\n<div class=\\\"markdown prose w-full break-words dark:prose-invert light\\\">\n<p><span style=\\\"font-size: 20px;\\\">VN FOODAERATION ofrece<strong data-start=\\\"212\\\" data-end=\\\"266\\\"> equipos de pasteler\u00eda y panader\u00eda<\/strong> de \u00faltima generaci\u00f3n, dise\u00f1ados para optimizar la producci\u00f3n de pasteles y maximizar la eficiencia. Nuestras soluciones est\u00e1n dirigidas a <strong data-start=\\\"372\\\" data-end=\\\"402\\\">panader\u00edas industriales<\/strong> que desean aumentar su productividad, garantizar una calidad constante y asegurar la m\u00e1xima precisi\u00f3n en cada etapa del proceso. <\/span><\/p>\n<p><span style=\\\"font-size: 20px;\\\">Nuestras Soluciones Clave:<\/span><\/p>\n<ul>\n<li><span style=\\\"font-size: 20px;\\\"><strong>Mezcladoras Planetarias y Aireadores (VN02): <\/strong>Sistemas de alto rendimiento que garantizan una preparaci\u00f3n de la masa impecable, con <strong data-start=\\\"710\\\" data-end=\\\"747\\\">la textura y la consistencia ideales<\/strong> para una amplia variedad de pasteles.<a href=\\\"https:\/\/glutenfreemachines.com\/es\/aerators\/\\\">https:\/\/glutenfreemachines.com\/aerators\/<\/a><\/span><\/li>\n<li><span style=\\\"font-size: 20px;\\\"><strong>Sistemas de Bombeo (VN14 \/ VN15): <\/strong>Dise\u00f1ados para t<strong data-start=\\\"902\\\" data-end=\\\"939\\\">ransferir eficientemente las masas<\/strong> a las tolvas, depositarlas sobre bandejas o rellenar directamente los moldes. Estas bombas garantizan <strong data-start=\\\"1033\\\" data-end=\\\"1067\\\">rapidez, precisi\u00f3n e higiene <\/strong>en producciones de gran volumen. <\/span><span style=\\\"font-size: 20px;\\\"> <a href=\\\"https:\/\/glutenfreemachines.com\/es\/transfer-pumps\/\\\">https:\/\/glutenfreemachines.com\/transfer-pumps\/<\/a><\/span><\/li>\n<li><span style=\\\"font-size: 20px;\\\"><strong>Sistemas de Dosificaci\u00f3n y Acabado (Accesorios VN20): <\/strong>Herramientas de alta precisi\u00f3n para la <strong data-start=\\\"1290\\\" data-end=\\\"1321\\\">producci\u00f3n de pasteles redondos<\/strong>, que permiten la aplicaci\u00f3n automatizada de rellenos, el glaseado y las decoraciones detalladas, obteniendo resultados siempre <strong data-start=\\\"1446\\\" data-end=\\\"1472\\\">constantes y uniformes.<\/strong> <a href=\\\"https:\/\/glutenfreemachines.com\/es\/attachments\/\\\">https:\/\/glutenfreemachines.com\/attachments\/<\/a><\/span><\/li>\n<\/ul>\n<p><span style=\\\"font-size: 18px;\\\"><span style=\\\"font-size: 20px;\\\"><strong>Por Qu\u00e9 Elegir VN FOODAERATION?<\/strong><\/span><\/span><\/p>\n<p><span style=\\\"font-size: 20px;\\\">Ya sea que desee <strong data-start=\\\"1607\\\" data-end=\\\"1638\\\">automatizar un solo paso<\/strong> o <strong data-start=\\\"1642\\\" data-end=\\\"1694\\\">implementar una l\u00ednea de producci\u00f3n completa<\/strong>, nuestro equipo ofrece <strong data-start=\\\"1721\\\" data-end=\\\"1749\\\">soluciones personalizadas <\/strong>adaptadas a sus objetivos de producci\u00f3n.<\/span><\/p>\n<p><span style=\\\"font-size: 20px;\\\"><strong data-start=\\\"1796\\\" data-end=\\\"1830\\\">Cont\u00e1ctenos hoy mismo <\/strong>para hablar sobre c\u00f3mo podemos ayudarle a optimizar su eficiencia y desarrollar la automatizaci\u00f3n de su panader\u00eda.<\/span><\/p>\n<\/div>\n<\/div>\n<\/div>\n<\/div>\n<p>[\/vc_column_text][\/vc_column][\/vc_row][vc_row][vc_column width=\\&#8221;1\/1\\&#8221;][heading]SPONGE CAKE production[\/heading][vc_row_inner][vc_column_inner width=\\&#8221;1\/2\\&#8221;][vc_video link=\\&#8221;https:\/\/youtu.be\/rArRLdpOtFQ\\&#8221;][\/vc_column_inner][vc_column_inner width=\\&#8221;1\/2\\&#8221;][vc_video link=\\&#8221;https:\/\/youtu.be\/FSL_NLhECoI\\&#8221;][\/vc_column_inner][\/vc_row_inner][\/vc_column][\/vc_row]<\/p>\n<\/div>","protected":false},"excerpt":{"rendered":"<p>[vc_row swatch=\\&#8221;swatch-blue-white\\&#8221; height=\\&#8221;nopadding\\&#8221; background_image=\\&#8221;970\\&#8221; background_image_attachment=\\&#8221;fixed\\&#8221;][vc_column width=\\&#8221;1\/1\\&#8221;][vc_empty_space height=\\&#8221;92px\\&#8221;][heading header_size=\\&#8221;hyper\\&#8221; header_weight=\\&#8221;bold\\&#8221; header_underline=\\&#8221;no-bordered-header\\&#8221;]PRODUCTOS[\/heading][vc_empty_space height=\\&#8221;92px\\&#8221;][vc_empty_space][\/vc_column][\/vc_row][vc_row height=\\&#8221;nopadding\\&#8221;][vc_column width=\\&#8221;1\/1\\&#8221;][vc_empty_space height=\\&#8221;64px\\&#8221;][vc_empty_space][heading header_weight=\\&#8221;bold\\&#8221;]BIZCOCHO[\/heading][\/vc_column][\/vc_row][vc_row swatch=\\&#8221;swatch-white-blue\\&#8221;][vc_column width=\\&#8221;1\/1\\&#8221;][vc_single_image images=\\&#8221;597\\&#8221; size=\\&#8221;full\\&#8221; align=\\&#8221;center\\&#8221;][vc_column_text] [&hellip;]<\/p>\n","protected":false},"author":1,"featured_media":0,"parent":0,"menu_order":0,"comment_status":"closed","ping_status":"closed","template":"","meta":{"site-sidebar-layout":"default","site-content-layout":"","ast-site-content-layout":"default","site-content-style":"default","site-sidebar-style":"default","ast-global-header-display":"","ast-banner-title-visibility":"","ast-main-header-display":"","ast-hfb-above-header-display":"","ast-hfb-below-header-display":"","ast-hfb-mobile-header-display":"","site-post-title":"","ast-breadcrumbs-content":"","ast-featured-img":"","footer-sml-layout":"","theme-transparent-header-meta":"","adv-header-id-meta":"","stick-header-meta":"","header-above-stick-meta":"","header-main-stick-meta":"","header-below-stick-meta":"","astra-migrate-meta-layouts":"default","ast-page-background-enabled":"default","ast-page-background-meta":{"desktop":{"background-color":"var(--ast-global-color-5)","background-image":"","background-repeat":"repeat","background-position":"center center","background-size":"auto","background-attachment":"scroll","background-type":"","background-media":"","overlay-type":"","overlay-color":"","overlay-opacity":"","overlay-gradient":""},"tablet":{"background-color":"","background-image":"","background-repeat":"repeat","background-position":"center center","background-size":"auto","background-attachment":"scroll","background-type":"","background-media":"","overlay-type":"","overlay-color":"","overlay-opacity":"","overlay-gradient":""},"mobile":{"background-color":"","background-image":"","background-repeat":"repeat","background-position":"center center","background-size":"auto","background-attachment":"scroll","background-type":"","background-media":"","overlay-type":"","overlay-color":"","overlay-opacity":"","overlay-gradient":""}},"ast-content-background-meta":{"desktop":{"background-color":"var(--ast-global-color-4)","background-image":"","background-repeat":"repeat","background-position":"center center","background-size":"auto","background-attachment":"scroll","background-type":"","background-media":"","overlay-type":"","overlay-color":"","overlay-opacity":"","overlay-gradient":""},"tablet":{"background-color":"var(--ast-global-color-4)","background-image":"","background-repeat":"repeat","background-position":"center center","background-size":"auto","background-attachment":"scroll","background-type":"","background-media":"","overlay-type":"","overlay-color":"","overlay-opacity":"","overlay-gradient":""},"mobile":{"background-color":"var(--ast-global-color-4)","background-image":"","background-repeat":"repeat","background-position":"center center","background-size":"auto","background-attachment":"scroll","background-type":"","background-media":"","overlay-type":"","overlay-color":"","overlay-opacity":"","overlay-gradient":""}},"footnotes":""},"class_list":["post-3865","page","type-page","status-publish","hentry"],"_links":{"self":[{"href":"https:\/\/glutenfreemachines.com\/index.php?rest_route=\/wp\/v2\/pages\/3865","targetHints":{"allow":["GET"]}}],"collection":[{"href":"https:\/\/glutenfreemachines.com\/index.php?rest_route=\/wp\/v2\/pages"}],"about":[{"href":"https:\/\/glutenfreemachines.com\/index.php?rest_route=\/wp\/v2\/types\/page"}],"author":[{"embeddable":true,"href":"https:\/\/glutenfreemachines.com\/index.php?rest_route=\/wp\/v2\/users\/1"}],"replies":[{"embeddable":true,"href":"https:\/\/glutenfreemachines.com\/index.php?rest_route=%2Fwp%2Fv2%2Fcomments&post=3865"}],"version-history":[{"count":0,"href":"https:\/\/glutenfreemachines.com\/index.php?rest_route=\/wp\/v2\/pages\/3865\/revisions"}],"wp:attachment":[{"href":"https:\/\/glutenfreemachines.com\/index.php?rest_route=%2Fwp%2Fv2%2Fmedia&parent=3865"}],"curies":[{"name":"wp","href":"https:\/\/api.w.org\/{rel}","templated":true}]}}